t j = -5 - -9. Let m = j + -2. What are the prime factors of m?
2
Suppose 141 = -5*j - 3*n, j + 4*n - 13 = -31. Let l be ((-9)/(-27))/((-2)/j). Suppose l + 4 = 3*m. List the prime factors of m.
3
Let p = -10 - -16. What are the prime factors of 2/6*1*p?
2
Let l = -74 - -108. Let a = l - 7. What are the prime factors of a?
3
Let o = 46 - 33. What are the prime factors of 6/8*(o - 5)?
2, 3
Let a(w) = w**2 + 9*w - 16. What are the prime factors of a(4)?
2, 3
Let o be (-77)/7*(3 + -1). Let g = -12 - o. List the prime factors of g.
2, 5
Let n = -3 + 9. Let u(g) = 2*g**2 - 8*g. List the prime factors of u(n).
2, 3
Suppose -2*o + 2*x = 4, -3*x + 9 = -2*o + 1. Suppose -3*z + 34 = -o. List the prime factors of z.
2, 3
Let l(o) be the third derivative of o**6/120 + 29*o**3/6 + 2*o**2. List the prime factors of l(0).
29
Let g(f) = f**2 + f. Let i(q) = -q**3 + 10*q**2 - 9. Let w(s) = 3*g(s) - i(s). List the prime factors of w(7).
2, 3, 5
Suppose -4*h + 4*k - 331 = -955, k = -5*h + 774. List the prime factors of h.
5, 31
Let y = -15 - -10. What are the prime factors of (2 + y + 1)*-5?
2, 5
List the prime factors of 560/(-6)*(7 - 10).
2, 5, 7
Suppose -5*h - 15 = 0, -h = 5*d - 2 - 0. Suppose -2 = -i + d. What are the prime factors of i?
3
Suppose -2*u + 0 = -4. What are the prime factors of u?
2
Let d = 27 + -14. Suppose d = -l + 32. List the prime factors of l.
19
Let k = 56 + -46. Let j = 0 - 2. Let m = k + j. List the prime factors of m.
2
Let u(z) = 19*z + 7. Let s be u(-6). Let t = 172 + s. List the prime factors of t/7 + (-4)/14.
3
Suppose 0*b - 10 = -3*o + b, 5*b - 35 = -2*o. Suppose d = -4*g - 6 + 21, -57 = -o*d - 2*g. Let s = -8 + d. What are the prime factors of s?
3
Suppose 2*n = -2*q + 44, -2*n = -4*q + 95 + 23. What are the prime factors of q?
3
Let p(m) = -m**2 + 7*m - 3. Let w be p(7). Let z = w - -4. List the prime factors of z/((-1 - -2)/5).
5
Let y(w) = -4*w - 3. Let g(r) = 7*r + 1. Let n be g(-1). What are the prime factors of y(n)?
3, 7
Let i be 9/6*(-8)/(-6). Let c = i + 12. Suppose -5*b + c = -2*k, 0 = -b - b + 3*k - 1. List the prime factors of b.
2
Let f be ((-24)/30)/((-4)/(-50)). Let v = -1 - f. Let q = 22 - v. What are the prime factors of q?
13
Let o be (1 + -1)*(-2)/(-4). Let p be 8*1 - (2 - o). List the prime factors of 2*9 - (-7 + p).
19
Let d = -50 - -152. What are the prime factors of d?
2, 3, 17
Suppose 3 = -5*a - 7. Let k = 11 - a. What are the prime factors of k?
13
Suppose 5*u = 4*l - 142, l + 2*u - 30 = 6*u. Suppose -l = q - 3*q. List the prime factors of q.
19
Let y be 88/24 + 2/(-3). What are the prime factors of 32 + y/(-1) + -1?
2, 7
Suppose -3*b + 0*m + 2 = 4*m, 2*m = -b. Suppose 51 = b*a + a. What are the prime factors of a?
17
Let a(c) = -c**3 + c**2 - c + 79. What are the prime factors of a(0)?
79
Suppose -2*s = 3*n - 10, 5*s + 0*s - 4*n = -21. Let g(h) = 6*h**3 + 2*h**2 + h. Let p be g(s). Let v = 7 + p. What are the prime factors of v?
2
List the prime factors of (-10)/(-2)*(-128)/(-5).
2
Let q be (-10)/((-2)/4*2). Suppose -5*c + 3*g - 10 = -0, c + q = -g. What are the prime factors of (-128)/(-20) - (-2)/c?
2, 3
Let g(c) = 2*c**2 + 4*c + 2. Let d be g(-5). Suppose 2*q - 4*f - 32 = -2*q, 4*q - d = -5*f. List the prime factors of q.
2
Suppose k + 4*k + 5*q - 10 = 0, 4*q = -8. Suppose k*y + s + 0*s = 15, 4*y - 5*s = 21. Suppose -30 = -y*c - c. List the prime factors of c.
2, 3
Suppose 7 = 5*i - 18. Suppose -i*y + 54 = -21. What are the prime factors of y?
3, 5
Suppose -4*q + 372 = 3*r, q - 5*r = 2*q - 76. Suppose 5*k = -5*u + 119 + 51, 4*k - 4*u - q = 0. List the prime factors of k.
29
Let i(a) = -6*a**3 + 2*a**2 + 3*a - 2. Let y be i(2). What are the prime factors of ((-4)/8)/(2/y)?
3
Suppose 0*j - 58 = j - 3*w, 2*w + 288 = -4*j. Let i = -44 - j. What are the prime factors of i?
2, 13
Let n = 3 - -4. Let p = n + -1. List the prime factors of p.
2, 3
Let g(b) = b**2 - 10*b + 9. Let n be g(6). What are the prime factors of (-8)/3*n/10?
2
Suppose 0*y = -2*y. List the prime factors of -2*(y + -1) + 8.
2, 5
Suppose 2*w - 344 = -o, -127 - 367 = -3*w + 4*o. List the prime factors of w.
2, 5, 17
Suppose -5*c + 0*y - 2*y = -1270, 272 = c + 4*y. What are the prime factors of c?
2, 3, 7
Let c be (3/(-6) - 0)*-60. Suppose -c = -3*i + 12. List the prime factors of i.
2, 7
Let z(h) = 3 + 5*h + 0 - 2. List the prime factors of z(2).
11
Suppose -4*u + u + 15 = 0. List the prime factors of -1 - -8*(u - 3).
3, 5
Suppose -a + 3*w = -118, -6*a + 5*a - 4*w = -111. What are the prime factors of a?
5, 23
Let h(u) = 2*u**2 - u - 2. Let z be h(-2). Let n = -5 + 8. Suppose n*q = -q + z. What are the prime factors of q?
2
Let d(p) = -2*p + 10. Let o be d(-9). Let i = o - 17. What are the prime factors of i?
11
Suppose 4*k - 18 = -2*s, 2*s - 5*k = -s - 28. What are the prime factors of 13 + (-3)/s + 2?
2, 3
Let s be ((-1)/(-2))/((-6)/96). Let j be (-6)/s - (-51)/12. Suppose 23 = j*a - d - 16, 5*d = a - 27. List the prime factors of a.
7
Let i(k) = 52*k**3 + 2*k**2 - k. What are the prime factors of i(1)?
53
Let h = -3 - 84. Let z = -56 - h. What are the prime factors of z?
31
Suppose -10*a + 12 = -6*a. Let i = 10 - 6. Suppose 0 = -i*n + 2*h + 12 + 20, -a*n - 4*h = -13. List the prime factors of n.
7
Let a(y) = -3*y + 12. Let z be a(8). Let i = -5 - z. List the prime factors of i.
7
Let v be ((-2)/(-3))/((-4)/(-54)). Suppose j - v = 13. List the prime factors of j.
2, 11
Let f(g) = -g**2 - 9*g + 5. Let d be f(-11). Let p = d + 25. List the prime factors of p.
2
Let q(y) = -5*y + 36. What are the prime factors of q(-14)?
2, 53
Let h = 157 - -9. List the prime factors of h.
2, 83
Let l = -17 + 122. Suppose -6*f + f + l = 0. List the prime factors of f.
3, 7
Let c = 56 + 8. What are the prime factors of c?
2
What are the prime factors of 157/(-2 - -3)*1?
157
Suppose 3*k - 2 - 1 = 0. Let h = 41 - 40. What are the prime factors of (k/(-1) - -21)*h?
2, 5
Suppose l = 6*l - 3*y - 13, -5*l - y = -9. Suppose -l*n - 4*u = -n - 35, -4*u - 27 = -n. List the prime factors of n.
31
Suppose 4*g + 3*v = -3, 5*g + 0*v - 2 = 2*v. Let q be 11 - 1 - g - 1. What are the prime factors of q + (3 - (0 + 1))?
11
Let n(j) = -j**2 - 13*j + 2. Let h be n(-9). Suppose 2*r + h = 4*r. What are the prime factors of r?
19
Let g(u) = 2*u**2 - 8*u + 8. Let t(r) = 6*r + 1. Let f be t(1). What are the prime factors of g(f)?
2, 5
What are the prime factors of (4 - 7)*16/(-6)?
2
Let u(d) = d**2 - 7*d + 3. Suppose -3*z + 7 = -5. Let b be u(z). Let v = b + 14. What are the prime factors of v?
5
Suppose 0*i + 2*k = -2*i + 412, -i - 3*k + 212 = 0. List the prime factors of i.
7, 29
Suppose 2*m + k - 38 - 31 = 0, -5*m - 2*k + 170 = 0. What are the prime factors of m?
2
Suppose -i + 4 = i - 2*k, -k = 4*i - 8. Suppose -4 = 4*o - i*o. List the prime factors of (-360)/(-35) + o/7.
2, 5
Let c be -2 - 3/((-3)/7). Suppose 4*n - 25 = -c. What are the prime factors of n?
5
Let r be ((-21)/6)/7*44. Let n = r + 39. List the prime factors of n.
17
Suppose -s = -4*s. Suppose z - 4*c - 2 = s, 3*z + z - 27 = -3*c. What are the prime factors of z?
2, 3
Let y = 90 + -43. List the prime factors of y.
47
Suppose -w + 1 = -2, 0 = v - w. Suppose u = -5*a - 2, -v*u + 12 = -2*u - 2*a. What are the prime factors of u?
2
Let t = 11 - -15. What are the prime factors of t?
2, 13
Let d be 246/24 - (-2)/(-8). List the prime factors of (-384)/(-20) - 2/d.
19
Let r(x) = x**2 - 6*x - 1. Let t be r(4). List the prime factors of (t/(-5))/((-1)/(-5)).
3
Let j = 83 - 53. Suppose y - j = -w + 4*y, 5*w = 5*y + 120. What are the prime factors of w?
3, 7
Suppose 4*w + 36 = 4*i - w, 0 = -2*i + w + 12. Suppose 58 = 2*h - 5*q, -4*h - i*q + 6 = -54. List the prime factors of h.
19
Let n = 8 + -6. Suppose o = -n*j - 0*j + 55, -5*j - 260 = -5*o. Let p = -35 + o. What are the prime factors of p?
2, 3
Let r = 5 - -5. Let x = r + 21. List the prime factors of x.
31
Let f = 8 - -28. What are the prime factors of f?
2, 3
Let a(o) = o**2 - 6*o + 3. Let r = 6 - 16. Let g = r + 17. What are the prime factors of a(g)?
2, 5
Let k = 2 - -199. Suppose 2*q - 6*q - 2*a + 210 = 0, 4*q + 5*a = k. List the prime factors of q.
2, 3
Let z(l) = -l + 12. Let f = -8 + 8. What are the prime factors of z(f)?
2, 3
Let f(y) = -5*y. Let p be f(-1). Le